{"id":1212,"date":"2025-03-02T12:11:00","date_gmt":"2025-03-02T11:11:00","guid":{"rendered":"https:\/\/radio-soundstadl.de\/?page_id=1212"},"modified":"2025-03-21T20:13:48","modified_gmt":"2025-03-21T19:13:48","slug":"wie-wir-zu-hoeren-sind","status":"publish","type":"page","link":"https:\/\/radio-soundstadl.de\/?page_id=1212","title":{"rendered":"Wie wir zu h\u00f6ren sind"},"content":{"rendered":"\t\t<div data-elementor-type=\"wp-page\" data-elementor-id=\"1212\" class=\"elementor elementor-1212\">\n\t\t\t\t<div class=\"elementor-element elementor-element-6bc0533 e-flex e-con-boxed e-con e-parent\" data-id=\"6bc0533\" data-element_type=\"container\" data-e-type=\"container\">\n\t\t\t\t\t<div class=\"e-con-inner\">\n\t\t\t\t<div class=\"elementor-element elementor-element-34effcd elementor-widget elementor-widget-heading\" data-id=\"34effcd\" data-element_type=\"widget\" data-e-type=\"widget\" data-widget_type=\"heading.default\">\n\t\t\t\t<div class=\"elementor-widget-container\">\n\t\t\t\t\t<h2 class=\"elementor-heading-title elementor-size-default\"><a href=\"https:\/\/laut.fm\/radio-soundstadl\" target=\"_blank\">Wir sind wie folgt zu H\u00f6ren:<br><br>\n\u00fcber Laut-Fm<br><\/a><\/h2>\t\t\t\t<\/div>\n\t\t\t\t<\/div>\n\t\t\t\t\t<\/div>\n\t\t\t\t<\/div>\n\t\t<div class=\"elementor-element elementor-element-41d74b3 e-flex e-con-boxed e-con e-parent\" data-id=\"41d74b3\" data-element_type=\"container\" data-e-type=\"container\">\n\t\t\t\t\t<div class=\"e-con-inner\">\n\t\t\t\t<div class=\"elementor-element elementor-element-6f9c6d5 elementor-widget elementor-widget-heading\" data-id=\"6f9c6d5\" data-element_type=\"widget\" data-e-type=\"widget\" data-widget_type=\"heading.default\">\n\t\t\t\t<div class=\"elementor-widget-container\">\n\t\t\t\t\t<h2 class=\"elementor-heading-title elementor-size-default\"><a href=\"https:\/\/www.radio.de\/s\/lautfm-radio-soundstadl\" target=\"_blank\">\u00fcber Radio.de<br><br>einfach draufklicken und zuh\u00f6ren<\/a><\/h2>\t\t\t\t<\/div>\n\t\t\t\t<\/div>\n\t\t\t\t\t<\/div>\n\t\t\t\t<\/div>\n\t\t<div class=\"elementor-element elementor-element-20e8df0 e-flex e-con-boxed e-con e-parent\" data-id=\"20e8df0\" data-element_type=\"container\" data-e-type=\"container\">\n\t\t\t\t\t<div class=\"e-con-inner\">\n\t\t\t\t<div class=\"elementor-element elementor-element-b4c4d45 elementor-widget elementor-widget-html\" data-id=\"b4c4d45\" data-element_type=\"widget\" data-e-type=\"widget\" data-widget_type=\"html.default\">\n\t\t\t\t<div class=\"elementor-widget-container\">\n\t\t\t\t\t<iframe allowtransparency=\"true\" border=\"0\" id=\"widget\" name=\"widget\" scrolling=\"no\" src=\"https:\/\/laut.fm\/widgets\/player_for\/Radio-Soundstadl,?player%5Bstations%5D=%2C&player%5Bcolor%5D%5Bcolor%5D=%23ffffff&player%5Bshadow%5D=false&player%5Bdisplay%5D%5Bborder%5D%5Bradius%5D=14px&player%5Bcolor%5D%5Bbackground_to%5D=%23ff00ae&player%5Bcolor%5D%5Bbackground_from%5D=%2302dbf7&player%5Bborder%5D%5Bcolor%5D=%230032fc&player%5Bborder%5D%5Bwidth%5D=2px&player%5Bbutton%5D%5Bcolor%5D%5Bbackground_to%5D=%232df7fb&player%5Bbutton%5D%5Bcolor%5D%5Bbackground_from%5D=%230839fd&player%5Bbutton%5D%5Bborder%5D%5Bcolor%5D=%230032fc&player%5Bbutton%5D%5Bborder%5D%5Bwidth%5D=2px\" style=\"border:0px\" width=\"300\" height=\"190\">widget<\/iframe>\t\t\t\t<\/div>\n\t\t\t\t<\/div>\n\t\t\t\t\t<\/div>\n\t\t\t\t<\/div>\n\t\t<div class=\"elementor-element elementor-element-503adb2 e-flex e-con-boxed e-con e-parent\" data-id=\"503adb2\" data-element_type=\"container\" data-e-type=\"container\">\n\t\t\t\t\t<div class=\"e-con-inner\">\n\t\t\t\t<div class=\"elementor-element elementor-element-a3d6230 elementor-widget elementor-widget-shortcode\" data-id=\"a3d6230\" data-element_type=\"widget\" data-e-type=\"widget\" data-widget_type=\"shortcode.default\">\n\t\t\t\t<div class=\"elementor-widget-container\">\n\t\t\t\t\t\t\t<div class=\"elementor-shortcode\"><span class='api_lfm_currentsong'>Loading<\/span>\n\n<span class='api_lfm_station_listeners'>Loading<\/span>\n\n<\/div>\n\t\t\t\t\t\t<\/div>\n\t\t\t\t<\/div>\n\t\t\t\t\t<\/div>\n\t\t\t\t<\/div>\n\t\t<div class=\"elementor-element elementor-element-9ba508b e-flex e-con-boxed e-con e-parent\" data-id=\"9ba508b\" data-element_type=\"container\" data-e-type=\"container\">\n\t\t\t\t\t<div class=\"e-con-inner\">\n\t\t\t\t<div class=\"elementor-element elementor-element-1113b4c elementor-widget elementor-widget-shortcode\" data-id=\"1113b4c\" data-element_type=\"widget\" data-e-type=\"widget\" data-widget_type=\"shortcode.default\">\n\t\t\t\t<div class=\"elementor-widget-container\">\n\t\t\t\t\t\t\t<div class=\"elementor-shortcode\"><span class='api_lfm_station_last_songs_flex'>Loading<\/span>\n\n<\/div>\n\t\t\t\t\t\t<\/div>\n\t\t\t\t<\/div>\n\t\t\t\t\t<\/div>\n\t\t\t\t<\/div>\n\t\t<div class=\"elementor-element elementor-element-584f77a e-flex e-con-boxed e-con e-parent\" data-id=\"584f77a\" data-element_type=\"container\" data-e-type=\"container\">\n\t\t\t\t\t<div class=\"e-con-inner\">\n\t\t\t\t<div class=\"elementor-element elementor-element-97a0033 elementor-widget elementor-widget-heading\" data-id=\"97a0033\" data-element_type=\"widget\" data-e-type=\"widget\" data-widget_type=\"heading.default\">\n\t\t\t\t<div class=\"elementor-widget-container\">\n\t\t\t\t\t<h2 class=\"elementor-heading-title elementor-size-default\"><br><br>Alexa-Nutzer sagen: Alexa spiele Laut-FM, auf die Frage welcher Sender gespielt werden soll, Radio Soundstadl antworten<br><br><br><\/h2>\t\t\t\t<\/div>\n\t\t\t\t<\/div>\n\t\t\t\t\t<\/div>\n\t\t\t\t<\/div>\n\t\t<div class=\"elementor-element elementor-element-094dfae e-flex e-con-boxed e-con e-parent\" data-id=\"094dfae\" data-element_type=\"container\" data-e-type=\"container\">\n\t\t\t\t\t<div class=\"e-con-inner\">\n\t\t\t\t<div class=\"elementor-element elementor-element-917c0ce elementor-widget elementor-widget-shortcode\" data-id=\"917c0ce\" data-element_type=\"widget\" data-e-type=\"widget\" data-widget_type=\"shortcode.default\">\n\t\t\t\t<div class=\"elementor-widget-container\">\n\t\t\t\t\t\t\t<div class=\"elementor-shortcode\">\n<span class='api_lfm_currentsong_title'>Loading<\/span><\/div>\n\t\t\t\t\t\t<\/div>\n\t\t\t\t<\/div>\n\t\t\t\t\t<\/div>\n\t\t\t\t<\/div>\n\t\t\t\t<\/div>\n\t\t","protected":false},"excerpt":{"rendered":"<p>Wir sind wie folgt zu H\u00f6ren: \u00fcber Laut-Fm \u00fcber Radio.de einfach draufklicken und zuh\u00f6ren widget Alexa-Nutzer sagen: Alexa spiele Laut-FM, auf die Frage welcher Sender gespielt werden soll, Radio Soundstadl antworten<\/p>\n","protected":false},"author":3,"featured_media":0,"parent":0,"menu_order":0,"comment_status":"closed","ping_status":"closed","template":"","meta":{"footnotes":""},"class_list":["post-1212","page","type-page","status-publish","hentry"],"_links":{"self":[{"href":"https:\/\/radio-soundstadl.de\/index.php?rest_route=\/wp\/v2\/pages\/1212","targetHints":{"allow":["GET"]}}],"collection":[{"href":"https:\/\/radio-soundstadl.de\/index.php?rest_route=\/wp\/v2\/pages"}],"about":[{"href":"https:\/\/radio-soundstadl.de\/index.php?rest_route=\/wp\/v2\/types\/page"}],"author":[{"embeddable":true,"href":"https:\/\/radio-soundstadl.de\/index.php?rest_route=\/wp\/v2\/users\/3"}],"replies":[{"embeddable":true,"href":"https:\/\/radio-soundstadl.de\/index.php?rest_route=%2Fwp%2Fv2%2Fcomments&post=1212"}],"version-history":[{"count":57,"href":"https:\/\/radio-soundstadl.de\/index.php?rest_route=\/wp\/v2\/pages\/1212\/revisions"}],"predecessor-version":[{"id":1490,"href":"https:\/\/radio-soundstadl.de\/index.php?rest_route=\/wp\/v2\/pages\/1212\/revisions\/1490"}],"wp:attachment":[{"href":"https:\/\/radio-soundstadl.de\/index.php?rest_route=%2Fwp%2Fv2%2Fmedia&parent=1212"}],"curies":[{"name":"wp","href":"https:\/\/api.w.org\/{rel}","templated":true}]}}